{"id":29013,"date":"2026-01-24T20:08:26","date_gmt":"2026-01-24T20:08:26","guid":{"rendered":"https:\/\/taj-crystal.com\/?page_id=29013"},"modified":"2026-04-03T11:20:23","modified_gmt":"2026-04-03T11:20:23","slug":"contact-taj-crystal-agadir","status":"publish","type":"page","link":"https:\/\/taj-crystal.com\/?page_id=29013","title":{"rendered":"Contact"},"content":{"rendered":"\t\t<div data-elementor-type=\"wp-page\" data-elementor-id=\"29013\" class=\"elementor elementor-29013\">\n\t\t\t\t<div class=\"wd-negative-gap elementor-element elementor-element-26d07ea e-flex e-con-boxed e-con e-parent\" data-id=\"26d07ea\" data-element_type=\"container\" data-e-type=\"container\">\n\t\t\t\t\t<div class=\"e-con-inner\">\n\t\t\t\t<div class=\"elementor-element elementor-element-c00ee3f color-scheme-inherit text-left elementor-widget elementor-widget-text-editor\" data-id=\"c00ee3f\" data-element_type=\"widget\" data-e-type=\"widget\" data-widget_type=\"text-editor.default\">\n\t\t\t\t<div class=\"elementor-widget-container\">\n\t\t\t\t\t\t\t\t\t<ul><li><strong>Adresse<\/strong> : Bloc Lagouira num\u00e9ro 28 Av. Ahmed Zakaria Extension Dakhla, Agadir 80060 Maroc<\/li><li><strong>T\u00e9l\u00e9phone\u00a0<\/strong> : <a href=\"https:\/\/wa.me\/212665296002\">(+212) 665-29 60 02<\/a> \/ (+212) 672 29 58 13<\/li><li><strong>WhatsApp<\/strong> : <a href=\"https:\/\/wa.me\/212665296002\">(+212) 665-29 60 02<\/a> \/ (+212) 672 29 58 13<\/li><li><strong>Horaires<\/strong> : Lundi \u2013 Samedi | 10h \u2013 19h<\/li><\/ul><p><em>Installation de fontaines &amp; osmoseurs d\u2019eau \u00e0 Agadir.<\/em><br \/><em>Service local &amp; Service apr\u00e8s vente assur\u00e9.<\/em><\/p>\t\t\t\t\t\t\t\t<\/div>\n\t\t\t\t<\/div>\n\t\t\t\t\t<\/div>\n\t\t\t\t<\/div>\n\t\t<div class=\"wd-negative-gap elementor-element elementor-element-71be43d e-flex e-con-boxed e-con e-parent\" data-id=\"71be43d\" data-element_type=\"container\" data-e-type=\"container\">\n\t\t\t\t\t<div class=\"e-con-inner\">\n\t\t\t\t<div class=\"elementor-element elementor-element-ba1f910 elementor-widget elementor-widget-shortcode\" data-id=\"ba1f910\" data-element_type=\"widget\" data-e-type=\"widget\" data-widget_type=\"shortcode.default\">\n\t\t\t\t<div class=\"elementor-widget-container\">\n\t\t\t\t\t\t\t<div class=\"elementor-shortcode\">\n<div class=\"wpcf7 no-js\" id=\"wpcf7-f28912-o1\" lang=\"en-US\" dir=\"ltr\" data-wpcf7-id=\"28912\">\n<div class=\"screen-reader-response\"><p role=\"status\" aria-live=\"polite\" aria-atomic=\"true\"><\/p> <ul><\/ul><\/div>\n<form action=\"\/index.php?rest_route=%2Fwp%2Fv2%2Fpages%2F29013#wpcf7-f28912-o1\" method=\"post\" class=\"wpcf7-form init\" aria-label=\"Contact form\" novalidate=\"novalidate\" data-status=\"init\">\n<fieldset class=\"hidden-fields-container\"><input type=\"hidden\" name=\"_wpcf7\" value=\"28912\" \/><input type=\"hidden\" name=\"_wpcf7_version\" value=\"6.1.5\" \/><input type=\"hidden\" name=\"_wpcf7_locale\" value=\"en_US\" \/><input type=\"hidden\" name=\"_wpcf7_unit_tag\" value=\"wpcf7-f28912-o1\" \/><input type=\"hidden\" name=\"_wpcf7_container_post\" value=\"0\" \/><input type=\"hidden\" name=\"_wpcf7_posted_data_hash\" value=\"\" \/>\n<\/fieldset>\n<p><label> Nom complet<br \/>\n<span class=\"wpcf7-form-control-wrap\" data-name=\"your-name\"><input size=\"40\" maxlength=\"400\" class=\"wpcf7-form-control wpcf7-text wpcf7-validates-as-required\" autocomplete=\"name\" aria-required=\"true\" aria-invalid=\"false\" value=\"\" type=\"text\" name=\"your-name\" \/><\/span> <\/label>\n<\/p>\n<p><label> Adresse email<br \/>\n<span class=\"wpcf7-form-control-wrap\" data-name=\"your-email\"><input size=\"40\" maxlength=\"400\" class=\"wpcf7-form-control wpcf7-email wpcf7-validates-as-required wpcf7-text wpcf7-validates-as-email\" autocomplete=\"email\" aria-required=\"true\" aria-invalid=\"false\" value=\"\" type=\"email\" name=\"your-email\" \/><\/span> <\/label>\n<\/p>\n<p><label> Num\u00e9ro de t\u00e9l\u00e9phone<br \/>\n<span class=\"wpcf7-form-control-wrap\" data-name=\"your-email\"><input class=\"wpcf7-form-control wpcf7-number wpcf7-validates-as-required wpcf7-validates-as-number\" autocomplete=\"email\" aria-required=\"true\" aria-invalid=\"false\" value=\"\" type=\"number\" name=\"your-email\" \/><\/span> <\/label>\n<\/p>\n<p><label> Sujet<br \/>\n<span class=\"wpcf7-form-control-wrap\" data-name=\"your-subject\"><input size=\"40\" maxlength=\"400\" class=\"wpcf7-form-control wpcf7-text wpcf7-validates-as-required\" aria-required=\"true\" aria-invalid=\"false\" value=\"\" type=\"text\" name=\"your-subject\" \/><\/span> <\/label>\n<\/p>\n<p><label> Votre message (optional)<br \/>\n<span class=\"wpcf7-form-control-wrap\" data-name=\"your-message\"><textarea cols=\"40\" rows=\"10\" maxlength=\"2000\" class=\"wpcf7-form-control wpcf7-textarea\" aria-invalid=\"false\" name=\"your-message\"><\/textarea><\/span> <\/label>\n<\/p>\n<p><input class=\"wpcf7-form-control wpcf7-submit has-spinner\" type=\"submit\" value=\"Envoyer\" \/>\n<\/p><div class=\"wpcf7-response-output\" aria-hidden=\"true\"><\/div>\n<\/form>\n<\/div>\n<\/div>\n\t\t\t\t\t\t<\/div>\n\t\t\t\t<\/div>\n\t\t\t\t\t<\/div>\n\t\t\t\t<\/div>\n\t\t<div class=\"wd-negative-gap elementor-element elementor-element-7c1b48d e-flex e-con-boxed e-con e-parent\" data-id=\"7c1b48d\" data-element_type=\"container\" data-e-type=\"container\">\n\t\t\t\t\t<div class=\"e-con-inner\">\n\t\t\t\t<div class=\"elementor-element elementor-element-1dde0cd elementor-widget elementor-widget-google_maps\" data-id=\"1dde0cd\" data-element_type=\"widget\" data-e-type=\"widget\" data-widget_type=\"google_maps.default\">\n\t\t\t\t<div class=\"elementor-widget-container\">\n\t\t\t\t\t\t\t<div class=\"elementor-custom-embed\">\n\t\t\t<iframe loading=\"lazy\"\n\t\t\t\t\tsrc=\"https:\/\/maps.google.com\/maps?q=taj%20crystal%20agadir&#038;t=m&#038;z=10&#038;output=embed&#038;iwloc=near\"\n\t\t\t\t\ttitle=\"taj crystal agadir\"\n\t\t\t\t\taria-label=\"taj crystal agadir\"\n\t\t\t><\/iframe>\n\t\t<\/div>\n\t\t\t\t\t\t<\/div>\n\t\t\t\t<\/div>\n\t\t\t\t\t<\/div>\n\t\t\t\t<\/div>\n\t\t\t\t<\/div>\n\t\t","protected":false},"excerpt":{"rendered":"<p>Adresse : Bloc Lagouira num\u00e9ro 28 Av. Ahmed Zakaria Extension Dakhla, Agadir 80060 Maroc T\u00e9l\u00e9phone\u00a0 : (+212) 665-29 60 02<\/p>\n","protected":false},"author":1,"featured_media":0,"parent":0,"menu_order":0,"comment_status":"closed","ping_status":"closed","template":"","meta":{"_glsr_average":0,"_glsr_ranking":0,"_glsr_reviews":0,"footnotes":""},"class_list":["post-29013","page","type-page","status-publish","hentry"],"yoast_head":"<!-- This site is optimized with the Yoast SEO plugin v26.8 - https:\/\/yoast.com\/product\/yoast-seo-wordpress\/ -->\n<title>Contact - Taj-crystal<\/title>\n<meta name=\"robots\" content=\"index, follow, max-snippet:-1, max-image-preview:large, max-video-preview:-1\" \/>\n<link rel=\"canonical\" href=\"https:\/\/taj-crystal.com\/?page_id=29013\" \/>\n<meta property=\"og:locale\" content=\"en_US\" \/>\n<meta property=\"og:type\" content=\"article\" \/>\n<meta property=\"og:title\" content=\"Contact - Taj-crystal\" \/>\n<meta property=\"og:description\" content=\"Adresse : Bloc Lagouira num\u00e9ro 28 Av. Ahmed Zakaria Extension Dakhla, Agadir 80060 Maroc T\u00e9l\u00e9phone\u00a0 : (+212) 665-29 60 02\" \/>\n<meta property=\"og:url\" content=\"https:\/\/taj-crystal.com\/?page_id=29013\" \/>\n<meta property=\"og:site_name\" content=\"Taj-crystal\" \/>\n<meta property=\"article:publisher\" content=\"https:\/\/www.facebook.com\/profile.php?id=61566584857693\" \/>\n<meta property=\"article:modified_time\" content=\"2026-04-03T11:20:23+00:00\" \/>\n<meta name=\"twitter:card\" content=\"summary_large_image\" \/>\n<meta name=\"twitter:label1\" content=\"Est. reading time\" \/>\n\t<meta name=\"twitter:data1\" content=\"1 minute\" \/>\n<script type=\"application\/ld+json\" class=\"yoast-schema-graph\">{\"@context\":\"https:\/\/schema.org\",\"@graph\":[{\"@type\":\"WebPage\",\"@id\":\"https:\/\/taj-crystal.com\/?page_id=29013\",\"url\":\"https:\/\/taj-crystal.com\/?page_id=29013\",\"name\":\"Contact - Taj-crystal\",\"isPartOf\":{\"@id\":\"https:\/\/taj-crystal.com\/#website\"},\"datePublished\":\"2026-01-24T20:08:26+00:00\",\"dateModified\":\"2026-04-03T11:20:23+00:00\",\"breadcrumb\":{\"@id\":\"https:\/\/taj-crystal.com\/?page_id=29013#breadcrumb\"},\"inLanguage\":\"en-US\",\"potentialAction\":[{\"@type\":\"ReadAction\",\"target\":[\"https:\/\/taj-crystal.com\/?page_id=29013\"]}]},{\"@type\":\"BreadcrumbList\",\"@id\":\"https:\/\/taj-crystal.com\/?page_id=29013#breadcrumb\",\"itemListElement\":[{\"@type\":\"ListItem\",\"position\":1,\"name\":\"Home\",\"item\":\"https:\/\/taj-crystal.com\/\"},{\"@type\":\"ListItem\",\"position\":2,\"name\":\"Contact\"}]},{\"@type\":\"WebSite\",\"@id\":\"https:\/\/taj-crystal.com\/#website\",\"url\":\"https:\/\/taj-crystal.com\/\",\"name\":\"Taj-Crystal\",\"description\":\"| Achat Filtre \u00e0 eau Maroc | Purificateur d&#039;eau\",\"publisher\":{\"@id\":\"https:\/\/taj-crystal.com\/#organization\"},\"potentialAction\":[{\"@type\":\"SearchAction\",\"target\":{\"@type\":\"EntryPoint\",\"urlTemplate\":\"https:\/\/taj-crystal.com\/?s={search_term_string}\"},\"query-input\":{\"@type\":\"PropertyValueSpecification\",\"valueRequired\":true,\"valueName\":\"search_term_string\"}}],\"inLanguage\":\"en-US\"},{\"@type\":\"Organization\",\"@id\":\"https:\/\/taj-crystal.com\/#organization\",\"name\":\"Taj-Crystal\",\"url\":\"https:\/\/taj-crystal.com\/\",\"logo\":{\"@type\":\"ImageObject\",\"inLanguage\":\"en-US\",\"@id\":\"https:\/\/taj-crystal.com\/#\/schema\/logo\/image\/\",\"url\":\"https:\/\/taj-crystal.com\/wp-content\/uploads\/2024\/12\/cropped-WhatsApp-Image-2024-10-17-at-23.10.19.jpeg\",\"contentUrl\":\"https:\/\/taj-crystal.com\/wp-content\/uploads\/2024\/12\/cropped-WhatsApp-Image-2024-10-17-at-23.10.19.jpeg\",\"width\":512,\"height\":512,\"caption\":\"Taj-Crystal\"},\"image\":{\"@id\":\"https:\/\/taj-crystal.com\/#\/schema\/logo\/image\/\"},\"sameAs\":[\"https:\/\/www.facebook.com\/profile.php?id=61566584857693\"]}]}<\/script>\n<!-- \/ Yoast SEO plugin. -->","yoast_head_json":{"title":"Contact - Taj-crystal","robots":{"index":"index","follow":"follow","max-snippet":"max-snippet:-1","max-image-preview":"max-image-preview:large","max-video-preview":"max-video-preview:-1"},"canonical":"https:\/\/taj-crystal.com\/?page_id=29013","og_locale":"en_US","og_type":"article","og_title":"Contact - Taj-crystal","og_description":"Adresse : Bloc Lagouira num\u00e9ro 28 Av. Ahmed Zakaria Extension Dakhla, Agadir 80060 Maroc T\u00e9l\u00e9phone\u00a0 : (+212) 665-29 60 02","og_url":"https:\/\/taj-crystal.com\/?page_id=29013","og_site_name":"Taj-crystal","article_publisher":"https:\/\/www.facebook.com\/profile.php?id=61566584857693","article_modified_time":"2026-04-03T11:20:23+00:00","twitter_card":"summary_large_image","twitter_misc":{"Est. reading time":"1 minute"},"schema":{"@context":"https:\/\/schema.org","@graph":[{"@type":"WebPage","@id":"https:\/\/taj-crystal.com\/?page_id=29013","url":"https:\/\/taj-crystal.com\/?page_id=29013","name":"Contact - Taj-crystal","isPartOf":{"@id":"https:\/\/taj-crystal.com\/#website"},"datePublished":"2026-01-24T20:08:26+00:00","dateModified":"2026-04-03T11:20:23+00:00","breadcrumb":{"@id":"https:\/\/taj-crystal.com\/?page_id=29013#breadcrumb"},"inLanguage":"en-US","potentialAction":[{"@type":"ReadAction","target":["https:\/\/taj-crystal.com\/?page_id=29013"]}]},{"@type":"BreadcrumbList","@id":"https:\/\/taj-crystal.com\/?page_id=29013#breadcrumb","itemListElement":[{"@type":"ListItem","position":1,"name":"Home","item":"https:\/\/taj-crystal.com\/"},{"@type":"ListItem","position":2,"name":"Contact"}]},{"@type":"WebSite","@id":"https:\/\/taj-crystal.com\/#website","url":"https:\/\/taj-crystal.com\/","name":"Taj-Crystal","description":"| Achat Filtre \u00e0 eau Maroc | Purificateur d&#039;eau","publisher":{"@id":"https:\/\/taj-crystal.com\/#organization"},"potentialAction":[{"@type":"SearchAction","target":{"@type":"EntryPoint","urlTemplate":"https:\/\/taj-crystal.com\/?s={search_term_string}"},"query-input":{"@type":"PropertyValueSpecification","valueRequired":true,"valueName":"search_term_string"}}],"inLanguage":"en-US"},{"@type":"Organization","@id":"https:\/\/taj-crystal.com\/#organization","name":"Taj-Crystal","url":"https:\/\/taj-crystal.com\/","logo":{"@type":"ImageObject","inLanguage":"en-US","@id":"https:\/\/taj-crystal.com\/#\/schema\/logo\/image\/","url":"https:\/\/taj-crystal.com\/wp-content\/uploads\/2024\/12\/cropped-WhatsApp-Image-2024-10-17-at-23.10.19.jpeg","contentUrl":"https:\/\/taj-crystal.com\/wp-content\/uploads\/2024\/12\/cropped-WhatsApp-Image-2024-10-17-at-23.10.19.jpeg","width":512,"height":512,"caption":"Taj-Crystal"},"image":{"@id":"https:\/\/taj-crystal.com\/#\/schema\/logo\/image\/"},"sameAs":["https:\/\/www.facebook.com\/profile.php?id=61566584857693"]}]}},"jetpack_sharing_enabled":true,"_links":{"self":[{"href":"https:\/\/taj-crystal.com\/index.php?rest_route=\/wp\/v2\/pages\/29013","targetHints":{"allow":["GET"]}}],"collection":[{"href":"https:\/\/taj-crystal.com\/index.php?rest_route=\/wp\/v2\/pages"}],"about":[{"href":"https:\/\/taj-crystal.com\/index.php?rest_route=\/wp\/v2\/types\/page"}],"author":[{"embeddable":true,"href":"https:\/\/taj-crystal.com\/index.php?rest_route=\/wp\/v2\/users\/1"}],"replies":[{"embeddable":true,"href":"https:\/\/taj-crystal.com\/index.php?rest_route=%2Fwp%2Fv2%2Fcomments&post=29013"}],"version-history":[{"count":14,"href":"https:\/\/taj-crystal.com\/index.php?rest_route=\/wp\/v2\/pages\/29013\/revisions"}],"predecessor-version":[{"id":29032,"href":"https:\/\/taj-crystal.com\/index.php?rest_route=\/wp\/v2\/pages\/29013\/revisions\/29032"}],"wp:attachment":[{"href":"https:\/\/taj-crystal.com\/index.php?rest_route=%2Fwp%2Fv2%2Fmedia&parent=29013"}],"curies":[{"name":"wp","href":"https:\/\/api.w.org\/{rel}","templated":true}]}}